19)?
-38
22 - 27 - (0 + -1 + -63)
59
(-406 - -412) + (2 - 64) + (0 - -4)
-52
Calculate (-18 - -6) + 2 - -2 - (5 + 40).
-53
Calculate 0 + (-5 - 0) + (-37 - (-103 + 40)).
21
(13 + 0 - -4) + (-27 - -31)
21
Calculate 4 - (-5 - -3) - (-63 - (-178 - -7)).
-102
Evaluate 46 + 15 + (-4 + -28 - -23).
52
Evaluate 6 - -56 - ((5 - 20) + -3).
80
-781 + 797 + (10 - 1) + -2 + 6
29
What is (33 - 24) + 13 + -10 + (-64 - 0)?
-52
What is 62 + 22 + -47 + -10?
27
What is the value of 58 + (-8 - (-9 - -4) - (-11 - (4 + -14)))?
56
What is (-12 - 26) + (26 - -4)?
-8
Calculate -22 + -11 + 16 + -3 + 10 + -3.
-13
Evaluate (-64 - (112 + -169)) + 0 + 14 + 0.
7
What is the value of (-22 - (12 + 10 + -56)) + 0?
12
What is the value of (20 + -5 + -26 - 7) + -29?
-47
What is the value of (-17 - -2 - 2) + 158 + -83 + -86?
-28
-15 + 12 + -1 + (-124 + 71 - -57)
0
-20203 - -20216 - (-1 + 72)
-58
Evaluate 16 + 28 + (-16 - (21 - 13)) + 54.
74
-88 - (-101 + (73 - 37))
-23
What is the value of (1 - (6 + (10 - 24))) + (-1 - -1) + -46?
-37
7 - (0 + 10) - -24 - (-2 - -125)
-102
Calculate 37 + -3 - (93 + -30).
-29
What is 97 - (-11 - (-12 - 24)) - -5?
77
What is the value of -57 + -33 + (24 - -129)?
63
Calculate -20 + 82 + -19 - -19.
62
What is the value of -22 - (-55 + 25) - (3 + 2 + -32 - -3)?
32
Calculate 8 + 1 + (10 - -4) + -13 + -24 + 150.
136
What is the value of -3929 + 3996 - (169 - -1)?
-103
What is 100 - 197 - -122 - (73 - -2)?
-50
What is 21 - -1 - (1340 - 1263)?
-55
4 + 3 + -1 + 4 + (1 - -30)
41
Calculate -136 + -2 + (-2 - 23) + 50 + -16 + -18.
-147
What is the value of 9 + (15 - 15) + 5 - 26?
-12
Evaluate (1 - -16 - (58 + -56)) + -121 + 3 + 7.
-96
Calculate -61 + -3 - (2871 - 2825).
-110
Calculate (-1 + -4 - (4 - (29 - -16))) + 5.
41
What is the value of -590 - -622 - (31 - -100)?
-99
Evaluate 29 - (137 - (-49 - -41)).
-116
What is the value of 15 + (20 + (12 - 35) - -38)?
50
What is the value of -6 + 5 + 5 + (151 - 174)?
-19
Evaluate 341 + -456 + -3 + -4 + 1 + (-1 - -8).
-114
What is the value of (-11 - -2) + (4 + 1 - (-12 + 24)) + 3?
-13
What is 9 + (34 + -25 - 66) + (6 - 0)?
-42
23 + (40 - -4) + -63 - (0 + -61)
65
-58 - 80 - -135 - 25
-28
Calculate (-1 - 20) + (24 - (-54 - -43)) - -27.
41
What is the value of -13 + 1 + (-9 - -34) - 2 - -5?
16
Evaluate -933 - -873 - (-65 - 1).
6
What is the value of -105 - -69 - (-21 - 28)?
13
What is the value of -41 - (-5 + 0 - -5 - (14 - 14))?
-41
29 + -58 + (14 - 42 - -9)
-48
What is the value of -14 + 23 + 13 + -20 + 0 + 22?
24
22 - 79 - -114 - 78
-21
77 + (35 - 70) + (-1 - 5) + 5
41
Calculate 21 - 86 - -32 - 3.
-36
-5 - (-38 + 23) - (33 + 0 + -1)
-22
Calculate 8 - (53 - ((22 - 12) + (-18 - (-14 + 5)))).
-44
Calculate 6 + 7 + -28 + 12 + 6.
3
Calculate (44 - ((-25 - -47) + -27)) + -23.
26
What is 8 + -9 + ((-8 - 5) + 25 - -9)?
20
Evaluate 2 + 0 + (145 - 48) + -178.
-79
-121 - (-49 + 12) - -81
-3
What is 2 + 2 - 3 - -52 - (-7336 - -7321)?
68
Evaluate -90 + 9 + 13 + -2 + -9.
-79
What is -2352 + 2346 - (-41 - (3 - 2))?
36
Calculate -16 - (1 - (-2 - -7) - (985 - 1053)).
-80
What is the value of -6 + (0 + -36 - 2) + 4 + (6 - 13)?
-47
What is 116 + 129 + -78 + -143?
24
Calculate 0 + -10 - (-25 - (6 + -18)) - (-42 + 1).
44
What is the value of -16 - 7 - (-70 - (77 + -171))?
-47
Evaluate -1 + -6 - (-34 + -87 + 76).
38
Evaluate 26 - (-27 + 20 - -18) - (-4 - -40).
-21
Calculate 10 + (41 - (5 + 11)).
35
-14 - (17 - 42) - 21
-10
What is -59 + (-24 - (54 - 70))?
-67
What is the value of 0 + -1 + -19 - (-5 + -1 + -678 + 693)?
-29
What is 18 + (7 - ((9 - (-5 + 23) - -17) + 1))?
16
Calculate -89 - -17 - (-70 + 15).
-17
What is the value of -11 - (3 + -5 + -5) - (-12 - (0 - -10))?
18
(15 - 41) + -17 - -16
-27
(1 - 10) + (-5 + 30 - -86)
102
92 - (23 + 13 + 4 + -20)
72
Calculate -9 + 5 + (-5 - -18) + 45 + -7.
47
What is 45 + (-7 - (-9 + 43)) + -159?
-155
What is (1 - 7) + (-20 - -28) + 3 + (-2 - 50)?
-47
What is the value of 1 + (-12 - (-17 - (-9 + 1))) - 9 - -48?
37
Calculate (-10 - -16 - -37) + 10 + -15.
38
What is -8 + (-11 - (-18 + 2 + (-4 - -2) + 10))?
-11
What is -505 - -488 - (-5 - (-5 - -49))?
32
What is -22 + (37 + -31 - -51)?
35
Calculate -96 + 2587 + -2577 + (2 - 1).
-85
What is -5 - (25 - ((5 - 1) + -13 + 6))?
-33
What is -130 - (8 - 3) - (-2 - -11 - 9)?
-135
What is the value of 146 + -142 + -24 + -7 + -17?
-44
-196 + 197 + (0 - -21) - 20
2
(1 + 10 - 7) + (-9 + 10 - 8 - -38)
35
What is the value of 8940 + -8799 + (1 - 46)?
96
Calculate 24 - 10 - (2 - (6 + -12)) - (74 - 1).
-67
(2025 - 2029) + 12 + 6
14
Evaluate -3 + -21 + 11 + -24 + 43 + 1 + -10.
-3
What is (0 - (16 + 3)) + -5 + 0?
-24
What is (-4 + 10 - 22) + (-9 - (-19 + 86))?
-92
Calculate (-1 - -27) + (-7 + (-14 - 9 - -16) - -20).
32
What is the value of -76 - (41 + -79) - 6?
-44
15 + (27 - 38) + -9 + -13
-18
What is the value of -2 + 10 + (28 - 2 - 32) + (-103 - 0)?
-101
(-82 + 27 + -4 - -7) + 16
-36
What is 29 + -24 + -2 + 10 - (47 - -28)?
-62
What is the value of 393 - 401 - (-1 + -13) - -35 - (-2 - -1)?
42
Calculate -5 - 3 - (-6 + 26 - (2 - -71)).
45
Calculate (-3 - (-11 - 47)) + (50 - (-7 + 35)).
77
Evaluate 21 + 1 - (-37 + -37 + 59).
37
Calculate 5 + (-87 - 2 - 2) - (11 + (-28 - -17)).
-86
What is the value of -45 + -15 + (-1 - -5) + -27 + 30?
-53
Evaluate -20 + (3 - 2) + (8 + -19 - 4) + 24.
-10
Calculate (-1 - 3) + (4 - (-18 + 39)).
-21
What is the value of 0 + -15 - ((63 - 32) + 2 - -32)?
-80
(5 - (0 + (0 - 1))) + -11 + -54 + 6
-53
Evaluate 43 - (10 - -25 - -42).
-34
What is 36 - (-65 - (3 + -31 + 0))?
73
Evaluate (-27 + -25 - 10 - -10) + 22.
-30
What is the value of (62 - (49 - -20)) + (-3 - -2) + 94?
86
(-43 - (91 + -49)) + 0 + -22
-107
What is the value of 18 + -10 + -2 + 0 - ((4 - 2) + -2)?
6
-237 - (-22 - (67 - -22))
-126
What is 0 + 5 - (19 - (30 + 5 + -147 - -34))?
-92
Evaluate -2 + 1 - (-1 + -4) - (109 - (-44 - -115)).
-34
3 + 81 + (50 - (-1 + 35))
100
14 + -5 + (4 - -44) + (3 - 7)
53
-22 + (11 - -11) - (0 - (-10 - 3))
-13
(27 - -13) + -4 + (-1 - 21)
14
Evaluate -12 - -14 - (1 + -4 - 7) - 86.
-74
-27 + (33 - 15) - -26 - -5
22
Evaluate 17 - ((-38 - 9) + 32 - -39).
-7
Evaluate 1 - 27 - (3558 - 3585).
1
Calculate 13 + -24 + -24 + 18 - -10.
-7
What is the value of -49 - (72 + -14 + -127)?
20
Evaluate (143 - 26) + -57 + -43.
17
(-23 - (55 - 17 - 32)) + 138
109
What is 3 + (5 - -10) + 39 + (-2 - 4 - -11)?
62
Evaluate (1 - (-7 + 0 + -2) - (-8289 - -8308)) + -1.
-10
Evaluate (23 - (1 + (-3 - -4 - -9))) + 94 - 11.
95
Calculate -8 - ((-15 - -6) + -3 + 26 - -3).
-25
Evaluate -26 + -115 - (-177 + 135).
-99
Evaluate -39 + 0 + -6 - (-14 - 11).
-20
Calculate (48 + -67 - -40) + 7.
28
Evaluate 102 + (-20 - -27) - 60.
49
-62 - ((1405 - 1435) + 43 + -1)
-74
10 - (111 + 7 + -10 + -16 + 36)
-118
What is the value of -24 + 14 + -1 + (-2 - -3 - -47) - -10?
47
Calculate -58 + (-62 - -46) - -53.
-21
Calculate 66 - (218 - 205 - (-2 - 2)).
49
-1 + 50 - ((128 - 188) + 60)
49
Evaluate -4 + -60 - ((-62 - -151) + -104).
-49
What is the value of -10 + ((9 - 20 - 6) + 2 - -17 - -77)?
69
What is -6 + 91 + -4 + 1 + 3 + 254 + -255?
84
What is the value of 3 + (-1 + 14 - (-8 + 30))?
-6
Calculate (1 - 17) + (-110 - -154) + 47.
75
(67 - ((12 - 3) + -3)) + 2 + 13 + -9
67
What is 16 + -14 + -3 + -8 + 45?
36
Calculate 57 - (24 - (18 + (-8 - -1))) - 7.
37
Calculate -112 - (-71 - 16) - -125.
100
Evaluate 32 + (-138 - ((-11 - -4) + 8)) + -10 + -1.
-118
Calculate -103 - ((-17 - 7) + (8 - -3 - -4) - 3).
-91
-38 + 6 - 28 - -19 - 7
-48
What is -15 + -9 + -30 + ((1 - -1) + -4 - -2)?
-54
What is -38 + (32 - 83) + 127?
38
81 + -2 - (-13 + (19 - (8 + 4)))
85
What is -1 + -13 + (1 - -7) + 17 + -6?
5
What is (-78 - (-25 + -51)) + 73?
71
What is -3 - (2 + 116 + (12 + 3 - (11 + -6)))?
-131
Calculate 82 + -66 + 3 + 22.
41
-29 - (-82 + -15 + 67)
1
Calculate 49 + -69 + (2 + -1 - 5).
-24
What is 33 - (-57 - -34 - (-6 - 3 - 5))?
42
Evaluate -10 + 46 + -52 + 66.
50
What is the value of -19 + 11 - ((-5 - (-3 + 2)) + (21 - 14))?
-11
Evaluate -30680 + 30697 - (-1 + -18).
36
What is -64 - ((-74 - -48) + -50) - (-1 - 13)?
26
What is the value of 17 + ((-7 - 3) + -12 + 31 - -3)?
29
(18 - 4 - 43) + 22 - 1
-8
Calculate 119 + -2 + -62 + 14.
69
What is (5 + (-8 - -1 - 7) - -12) + 12?
15
Calculate 156 - (-1 + 61 + (805 - 854)).
145
What is 